{"id":1702,"date":"2015-09-18T15:15:13","date_gmt":"2015-09-18T15:15:13","guid":{"rendered":"https:\/\/casasdosacores.org\/en\/assembleia-geral\/"},"modified":"2015-10-09T15:42:57","modified_gmt":"2015-10-09T15:42:57","slug":"global-assembly","status":"publish","type":"page","link":"https:\/\/casasdosacores.org\/en\/global-assembly\/","title":{"rendered":"Global Assembly"},"content":{"rendered":"<p>A Assembleia-Geral do Conselho Mundial das Casas dos A\u00e7ores realiza-se anualmente, no \u00faltimo trimestre de cada ano, salvo se for aprovada pelos seus membros outra data, sendo da responsabilidade da Casa dos A\u00e7ores que assume a presid\u00eancia, exercer fun\u00e7\u00f5es de anfitri\u00e3o<\/p>\n<p>Refere-se que, por defini\u00e7\u00e3o no Regulamento do Conselho Mundial das Casas dos A\u00e7ores, de quatro em quatro anos a Assembleia-Geral decorrer\u00e1 na Regi\u00e3o Aut\u00f3noma dos A\u00e7ores, sendo a sua presid\u00eancia eleita na Assembleia cessante.<\/p>\n<p>Da\u00a0ordem de trabalhos da Assembleia, por norma, constam os seguintes it\u00e9ns: leitura e ratifica\u00e7\u00e3o da ata da Assembleia-Geral do ano anterior, admiss\u00e3o de novos membros, apresenta\u00e7\u00e3o de novos pedidos de ades\u00e3o, aprova\u00e7\u00e3o da ordem de trabalhos, propostas e aprova\u00e7\u00e3o das personalidades e entidades a serem homenageadas com Medalhas de M\u00e9rito, proposta e aprova\u00e7\u00e3o do \u201cProduto A\u00e7oriano de Qualidade\u201d e apresenta\u00e7\u00e3o dos relat\u00f3rios de atividades de cada Casa membro. No decurso das mesmas tem vindo a decorrer, ainda, confer\u00eancias ou mesas redondas sobre tem\u00e1ticas alusivas \u00e0s comunidades na \u00e1rea social, cultural, comunica\u00e7\u00e3o, entre outras.<\/p>\n","protected":false},"excerpt":{"rendered":"<p>A Assembleia-Geral do Conselho Mundial das Casas dos A\u00e7ores realiza-se anualmente, no \u00faltimo trimestre de cada ano, salvo se for aprovada pelos seus membros outra data, sendo da responsabilidade da Casa dos A\u00e7ores que assume a presid\u00eancia, exercer fun\u00e7\u00f5es de anfitri\u00e3o Refere-se que, por defini\u00e7\u00e3o no Regulamento do Conselho Mundial das Casas dos A\u00e7ores, de [&hellip;]<\/p>\n","protected":false},"author":1,"featured_media":0,"parent":0,"menu_order":0,"comment_status":"closed","ping_status":"closed","template":"","meta":[],"acf":[],"_links":{"self":[{"href":"https:\/\/casasdosacores.org\/en\/wp-json\/wp\/v2\/pages\/1702"}],"collection":[{"href":"https:\/\/casasdosacores.org\/en\/wp-json\/wp\/v2\/pages"}],"about":[{"href":"https:\/\/casasdosacores.org\/en\/wp-json\/wp\/v2\/types\/page"}],"author":[{"embeddable":true,"href":"https:\/\/casasdosacores.org\/en\/wp-json\/wp\/v2\/users\/1"}],"replies":[{"embeddable":true,"href":"https:\/\/casasdosacores.org\/en\/wp-json\/wp\/v2\/comments?post=1702"}],"version-history":[{"count":1,"href":"https:\/\/casasdosacores.org\/en\/wp-json\/wp\/v2\/pages\/1702\/revisions"}],"predecessor-version":[{"id":1703,"href":"https:\/\/casasdosacores.org\/en\/wp-json\/wp\/v2\/pages\/1702\/revisions\/1703"}],"wp:attachment":[{"href":"https:\/\/casasdosacores.org\/en\/wp-json\/wp\/v2\/media?parent=1702"}],"curies":[{"name":"wp","href":"https:\/\/api.w.org\/{rel}","templated":true}]}}

<p>A Assembleia-Geral do Conselho Mundial das Casas dos Açores realiza-se anualmente, no último trimestre de cada ano, salvo se for aprovada pelos seus membros outra data, sendo da responsabilidade da Casa dos Açores que assume a presidência, exercer funções de anfitrião</p>
<p>Refere-se que, por definição no Regulamento do Conselho Mundial das Casas dos Açores, de quatro em quatro anos a Assembleia-Geral decorrerá na Região Autónoma dos Açores, sendo a sua presidência eleita na Assembleia cessante.</p>
<p>Da ordem de trabalhos da Assembleia, por norma, constam os seguintes iténs: leitura e ratificação da ata da Assembleia-Geral do ano anterior, admissão de novos membros, apresentação de novos pedidos de adesão, aprovação da ordem de trabalhos, propostas e aprovação das personalidades e entidades a serem homenageadas com Medalhas de Mérito, proposta e aprovação do “Produto Açoriano de Qualidade” e apresentação dos relatórios de atividades de cada Casa membro. No decurso das mesmas tem vindo a decorrer, ainda, conferências ou mesas redondas sobre temáticas alusivas às comunidades na área social, cultural, comunicação, entre outras.</p>

<p>A Assembleia-Geral do Conselho Mundial das Casas dos Açores realiza-se anualmente, no último trimestre de cada ano, salvo se for aprovada pelos seus membros outra data, sendo da responsabilidade da Casa dos Açores que assume a presidência, exercer funções de anfitrião Refere-se que, por definição no Regulamento do Conselho Mundial das Casas dos Açores, de [&hellip;]</p>
